 (61 - 72)?
-14
What is the value of 112 - 137 - (-6 + 6 - -31)?
-56
12 + 7 + -100 + (37 - 24) + -15
-83
What is 2 - 13 - (-53 + (42 - -4)) - 51?
-55
What is -7 + (9 - ((35 - 17) + 17))?
-33
Calculate 26 + -3 + 50 + 5.
78
What is the value of 0 + -6 + -222 + 199 - -3?
-26
What is 0 + 34 - ((20 - 11) + -9) - (-87 - -95)?
26
Calculate (8 - 3) + 10 + 9 + -19.
5
What is 0 - (-41 - -1 - ((1 - -6) + 4 + -11))?
40
Calculate -111 - ((0 - (3 + -6) - -4) + (580 - 588)).
-110
0 + -21 + (226 - 191)
14
Calculate 2 + -20 - (-235 - -178).
39
What is the value of -2 + 8 + (-8 - -29 - 20) - 35?
-28
Evaluate 71 + (-41 - (-25 - (-8 - 2))).
45
-22 + (48 - (12 + 14))
0
Calculate 203 + -33 + -42 + -63.
65
Calculate (-64 - -33) + 69 + 4 - 127.
-85
(16 - 4) + -40 + 20 - (140 + -1 + -9)
-138
What is the value of (5 - -9) + (14 - (-15 - 11 - -3))?
51
Calculate 19 + 5 + 0 - (-1 + (10 - -9) + -11).
17
-52 + (-49 - (-78 + 7))
-30
Calculate -10 - (-6 + (10 - 19 - -91) + -11 + -11).
-64
What is -11 - ((12 - 11) + 6) - 8?
-26
Evaluate (11 - 34) + (161 - 171).
-33
What is -60 - (-10 + (-33 - -28) + 24)?
-69
What is 287 + -286 + (-17 - 0)?
-16
Calculate (-20 + 6 - -12 - -1) + (4 - -19).
22
What is the value of (13 - ((6 - (-2 - -15)) + (-1 - -24))) + 74?
71
-6 + (8 - (-1 - (9 - (0 - -1)) - 2))
13
What is the value of 0 + 0 - (15437 + -15499)?
62
Calculate 7 + -10 - (-2 + 1 + 101 + -134).
31
Evaluate 1 + -6 - -3 - (-19 + 1 - -14).
2
-13 + (-53 - (8 + (10 - 18 - 8)))
-58
-102 - (-19 - (-15 + (-14 + 1 - 16)))
-127
Evaluate -53 + (8 - 9) + (1 - -2 - (-74 - -82)).
-59
Evaluate 10 + -1 + (4 - 7) + -6 - 13.
-13
Calculate -43 + (51 - (-47 - -115)).
-60
What is the value of -50 + (-28 + 18 - -11)?
-49
What is -31 - (-180 + 194 + (-2 - 35))?
-8
What is 36 + ((7 - -4) + -24 - -37)?
60
What is the value of -80 - (23 - 60) - -46?
3
What is 22 + (33 - 29) - (0 - 23)?
49
Calculate (-34 - -30) + 35 + -45.
-14
What is the value of 3 - (-5 + 4 + 3) - (25 - 7 - -9)?
-26
Calculate -75 + -6 + 105 + -55.
-31
What is (-7 - (-71 - -18)) + 0?
46
Calculate 17 + 10 + -28 - -13 - -5.
17
5 + (24 - 30 - (4 - 1 - (-5 - -40)))
31
-9 - (-2 + (2 - -4)) - (-72 - -82)
-23
-29 - (9 + -69 - -64)
-33
What is the value of -4 - -85 - (-1 + 2) - (-804 - -809)?
75
Evaluate 0 + 5 - (0 - 0 - 10 - (53 - 65)).
3
Evaluate 8 - (17 - 11 - (-23 - -5)).
-16
Evaluate -60 + 7 - (18 + (-34 - -15)).
-52
What is -26 + (13 - 1) - -7 - (-6 - 43)?
42
Calculate (6 - (5 + -68 - (-4 - -1))) + -4 + 5.
67
What is 7 + 2 - (-20 + 2 - (-111 + 86))?
2
Calculate -22 - (-75 - (1 + 4 + -15)).
43
Evaluate -4345 - -4366 - (71 + -1).
-49
What is the value of (-72 - -127) + 84 - 102?
37
2 + -3 + 803 + -778
24
Calculate 16 + -20 - (-7 - (39 + -1 - (-23 + 18))).
46
Evaluate 75 - (4 - 5) - (-263 - -246).
93
Evaluate 12 + -15 + 5 - (-5 + 6 + 14).
-13
(-79 + 75 - (-1 + -1 - -4)) + -53
-59
What is -30 - ((-12 - -1) + (-24 - -21)) - 14?
-30
(5 - -9) + (-36 + 9 - -15)
2
Evaluate -5 - -41 - (-1 + 14 - (-29 - -44) - 11).
49
((78 - 38) + -18 - 4) + 3 + -48
-27
What is the value of 0 + (0 + 1 - (117 + -31)) + (271 - 270)?
-84
Calculate -22 - -27 - -47 - 57.
-5
What is 18 + (-11 + 11 + 1 - -15 - 14)?
20
Evaluate (-11 - (4 - 2)) + 33 + (-1 - 9).
10
18 + 6 + -3 + -21 + (1 - -6) + -111
-104
6 - -2 - (5 - 22) - (4 + 0 + -10)
31
Evaluate 8 + -1 + -8 + 5 - (-23 - 18 - -13).
32
What is (8 - (19 - -44)) + 104?
49
What is 97 + (1062 + -1053 - (-1 + 0 + (-1 - 0)))?
108
Evaluate -6 - (5 - (19 - 14)) - (-1 + 4).
-9
Evaluate -2 + -5 + -5 + (17 - 27) + 10.
-12
What is the value of 1 + -37 + (115 - 55)?
24
Calculate 84 - (36 + 60) - (-1 + (-1 - -47)).
-57
What is the value of (-16 - 13 - -32) + 84 + 3?
90
Calculate (-13 - -1) + -9748 + 9749 + (116 - 1) + 1.
105
Calculate 4 - (-9 + (20 - 11 - 4 - -8) - -2).
-2
Evaluate -39 + (-32 - (-18 - 152) - 15).
84
What is 52 - (102 + -80 - (2 + 3))?
35
Evaluate (-7 - 14) + (-1 + 1 - -18).
-3
2 + (8 - -4) + -15 - -16
15
11 - (-20 - -19 - -55) - -117
74
Calculate -60 + 8 + 47 + -41.
-46
What is -23 - (-19 + (-18 - 0) + -47)?
61
What is 173 + -213 - (-1 + 4 + -4 + -12)?
-27
Evaluate (0 - -10) + -15 + -3 + (-19 + 29 - 15).
-13
Evaluate (33 - -19) + (39 - (82 + -1)).
10
-4 + 61 + (-20 + 9 - (1 + -4)) + 13
62
Evaluate 0 + -2 + -15 - (-33 - 31 - 40).
87
What is the value of (3 - (6 - (-2 - 78))) + (-283 - -300)?
-66
Calculate 2 + 20 - (-32 + 69 + -29) - -25.
39
Evaluate 5 + (6 + -4 - 0) + (-53 - (10 + -76)).
20
7 - (2 + (52 - 34) + (-4 - (3 - 3)))
-9
-6 + 43 - (-22 - -48 - -26)
-15
Calculate 24 + 22 + -87 - -78.
37
15 + (-3 - -16) + -17 + 5 + 2
18
What is -9 + -62 + (16 - -38)?
-17
Calculate -151 + 91 + 22 + -2 + -6 + -3.
-49
Calculate -8 + 8 + -11 - 75 - (-27 + (22 - 5)).
-76
What is the value of (-90 - -5) + 659 + -541 - (-1 - 11 - 2)?
47
Evaluate 21 + (23 - (-18 - (-30 + -11))).
21
What is -11 + (2 - (12 + -28 + 19)) + -2 + -4?
-18
What is the value of (-2 - -3) + (32 - 18 - 20) + -22 + 11?
-16
Calculate (-2 - 2) + 0 + -7 + -8 + 50.
31
(29 - (-20 + 6)) + -9 + 3
37
What is the value of 244 + (129 - 139) + -99?
135
(245 - 252) + (5 - 46 - 4)
-52
Calculate (47 - ((95 - 27) + -28 - 12)) + (1 - 12).
8
What is -1 - 5 - (473 + -556)?
77
Evaluate -25 + (107 - 18) - 94.
-30
13 + (7 - (22 - (4 - -17) - (-2 - 15)))
2
What is the value of 72 + (-9 - 36) + 37 - -10?
74
What is (92 - 59) + -73 + 6 + 1?
-33
What is the value of -11 + (39 + (41 - 84) - (5 - (-1 + -1)))?
-22
Calculate 50 - (14 + (-5 - -15) + -15).
41
Evaluate -1 - 11 - 1 - (125 + (7 - 95)).
-50
Evaluate 38 - -25 - 8 - 52.
3
What is the value of (0 - -41 - ((-1 - 15) + -309 + 324)) + 13?
55
104 - ((214 - 122) + 23)
-11
What is 31 + (-38 + 49 - 50) - (-1 + 10)?
-17
Evaluate (116 - (84 - 7)) + (-1 - -18).
56
What is 105 - (-107 + (179 - 52))?
85
What is the value of -76 + 239 + -145 - (-23 - -2)?
39
What is 46 - (96 + (-190 - -87))?
53
Calculate -16 + 8 - (-10 - -11) - ((1 - 4) + 59).
-65
23 + (15 - -17) + 69 + -13 + -1
110
-6 - 0 - (-72 - -22) - -4
48
Evaluate -6 + -88 - -40 - -68.
14
Calculate (23 - 0) + (48 - 168 - -102).
5
Calculate 104 + -2 - (601 + -542).
43
-2 - -1 - 41 - (-43 + 31 + 9)
-39
What is the value of 42 + -2 + -27 + 65 + -8?
70
Calculate (49 - -27 - 91 - (1 + 1)) + 11.
-6
What is the value of -9 + (-27 - -15 - -20) + 23?
22
0 + 7 + (6 - (19 + -6 + (-12 - -13)))
-1
Calculate (28 - (220 + 13 + -47)) + 23.
-135
Calculate 230 + -237 - (1 - (-2 + -4 + -3 + 4)).
-13
-25 - (0 + (-88 - 36))
99
What is -10 + (-13 + -28 - -25 - (-1 - -2))?
-27
-11 + -29 + 61 - (-4 - -19)
6
Calculate -79 + (22 - (-6 + 15 + -6)) + -11.
-71
What is the value of (8 - ((-2 - (1 - 16)) + 405 + -414)) + 70?
74
4 + (-3 - (-67 + 4 + 8 + 3))
53
Evaluate -1 + (94 - 130 - (-6 + (-3 - -2))).
-30
What is the value of 13 - (35 - (35 - -1))?
14
Evaluate (-3 - 4) + 10 + 45 + -41 + (1 - 26).
-18
Evaluate 39 + -302 + 280 + (-4 - 31).
-18
What is 42 - (66 + -5) - (-4 + -17)?
2
What is the value of -94 + 126 - -11 - (-4 - (-1 + 0 + 3))?
49
Calculate -6 - (6 - 15) - 41.
-38
40 + (-16 - (-50 + 13)) - -31
92
Evaluate (620 - 583) + -37 + 3.
3
What is 3354 - 3498 - (-196 + 2)?
50
27 + -80 - -82 - 3
26
Calculate (-22 + 36 - 7) + 39.
46
What is 8 + (-20 - (7 + -20 + 44))?
-43
What is the value of -34 - (-40 - 21 - -27 - -26)?
-26
94 + -2 + (37 + 6 - 41 - (-5 + -3))
102
2 + (-10 - -1) - (10 - 11 - (-240 + 357))
111
What is the value of 20 + 3 + (-188 - (1 + -108))?
-58
Calculate 25272 - 25278 - ((1 - -1) + -4 + 0 - 17).
13
Evaluate (-48 - -58) + 40 - 72.
-22
-2871 + 2833 - (-3 - -1)
-36
What is 17 + 41 + (-26 - -2) + 22?
56
What is 20 + 198 + -145 + 12?
85
Evaluate 3 + 0 + -16 + 0 - (-8 - (-34 - -25)).
-14
What is the value of (-4 - -4) + 4 + (-21 - -33) - (-37 - -189)?
-136
What is the value of (-2 - 2) + (-34 - -29 - (-6 + 88 - -16))?
-107
12 + -2 - (31 + -24) - -12 - -33
48
-1 + -24 + (17 - 5) + 0
-13
What is 10 + -9 + 7 - (-94 + 95)?
7
Evaluate 3 + (2 - 30 - 0 - (-1209 + 1198)) - 109.
-123
What is -44 + 71 + -11 + 20?
36
-8 + -1 + -307 + 297 + 97
78
Calculate 8 - (152 + -160 - -24).
-8
Calculate -30 - (10 + -7) - (-2 - 4) - 13.
-40
What is the value of (1 - (12 - 21) - (10 + 10 - -3)) + -13?
-26
18 + (-17 - 16) - ((4 - 121) + (-1 - 1))
104
What is the value of -109 - (49 + -19) - -64?
-75
Evaluate 1 - 0 - (-13 + (8 - (17 - 8)